What are the prime factors of w?
23
Let s be ((-4)/10)/(2/20). List the prime factors of 4 + -1 + s + (-119)/(-1).
2, 59
Let t be (0 - 9)/((-1)/(-46)*2). Let s = -137 - t. List the prime factors of s.
2, 5, 7
Suppose -2*s = 5*j - 3316, 4*s - 678 = -3*j + 5982. What are the prime factors of s?
2, 3, 139
Suppose -3*i - 1 = -16. Suppose q = -n + 12, -q - 5 = -n + i. List the prime factors of n.
11
What are the prime factors of (-5 + 3)*(-11358)/36?
631
Suppose 2*g = 7*g - 20. Suppose -42 = -g*f + j, -5*f + j + 65 = 6*j. Suppose -f*i - 75 = -14*i. List the prime factors of i.
5
Suppose 0 = -19*j + 13*j - 18. List the prime factors of 177*((-2)/j + 11/(-33)).
59
Suppose 5*w + 4*q - 2*q = -752, -5*q + 295 = -2*w. Let g = -171 - -384. Let c = g + w. List the prime factors of c.
3, 7
Suppose 4*d + 5*q + 20 = 0, 2*d + 4*q + q = 0. What are the prime factors of (-10)/(-25) - 716/d - -1?
73
Let u = 72 - 71. Let n be 6/21 + (-23)/7. What are the prime factors of u/((-174)/(-57) + n)?
19
Let f(q) = -376*q - 132. What are the prime factors of f(-3)?
2, 3, 83
Let o be (0 - -1)*0*4/16. Suppose 4*y - 8*y + 276 = o. What are the prime factors of y?
3, 23
Let c(v) = -v**2 - 16*v - 11. Let u be c(-12). Suppose 3*s + 16 = u. Let m = -2 + s. List the prime factors of m.
5
What are the prime factors of 11/(1188/20868) + 2/(-9)?
193
Suppose 5*t = -4*g + 6801 + 1031, -3*t - 12 = 0. List the prime factors of g.
13, 151
Let i = -335 - -567. Let x be (-9)/(-21) + i/14. Suppose p - x = 2*w - 1, 0 = p - w - 14. What are the prime factors of p?
2, 3
Suppose 11 = 3*f + 8. List the prime factors of 4/((-4)/(-81)) - f.
2, 5
Suppose 0 = -3*u + 4*a + 5, 4*u + 3*a + 2*a = 17. Let g = u - 0. Suppose 4*l = -2*s + 228, g*s = -2*l + 8*s + 114. What are the prime factors of l?
3, 19
Suppose -b = 3*z - 81, 9*z = -3*b + 13*z + 191. Let m = b + 30. What are the prime factors of m?
3, 11
Let f = 7 - 5. Let x(d) = 13*d**2 - 14*d + 11. Let g(b) = 9*b**2 - 9*b + 7. Let h(y) = 8*g(y) - 5*x(y). What are the prime factors of h(f)?
5
Let h(j) = -480*j + 97. What are the prime factors of h(-11)?
19, 283
Suppose 13*g - 26608 = -322. What are the prime factors of g?
2, 3, 337
Let l = 21 - 15. Let w(i) = 2 + 0 + 3*i + 6. List the prime factors of w(l).
2, 13
Let a be (6/(-4))/(1/(-2)). Suppose 5*k + 2*f = 43, -2*k - k - a*f = -33. Suppose -2*v + k = -13. What are the prime factors of v?
2, 5
List the prime factors of ((-450)/27)/((-4)/240).
2, 5
Let j be (-12)/(-8) + (-1)/(-2). Let x = 23 - 17. Suppose 0*q - x = -j*q. What are the prime factors of q?
3
Let i(o) = 16*o + 1. Let n be -13 + 30 + 1 + 0. Let r = n + -17. List the prime factors of i(r).
17
Let j(l) = -2*l**3 + 5*l**2 + 5*l - 9. Let x be j(6). Let n = 346 + x. What are the prime factors of n?
5, 23
Let w(z) = -2*z. Let u(f) = -3*f + 1. Let h(s) = 3*u(s) - 5*w(s). Let l be h(-1). Suppose -l*j = -0*j - 16. List the prime factors of j.
2
Let i(u) = 25*u + 12. Let x(j) = j - 1. Let t(q) = -i(q) + 3*x(q). List the prime factors of t(-3).
3, 17
Suppose 4*z = -738 - 762. Let y = -255 - z. What are the prime factors of y?
2, 3, 5
Suppose -p - 28 = 26. Let n = 137 + p. List the prime factors of n.
83
Let o(d) = -8*d**3 - 7*d + 16. What are the prime factors of o(-3)?
11, 23
Let v(n) = -32*n**2 - n + 1. Let u be v(1). Let i = -32 - u. Suppose i = -3*r + 15 + 69. What are the prime factors of r?
2, 7
Suppose 0 = 2*m - 0*l - 4*l - 22, -5*m + 3*l + 20 = 0. Let t be m/(-5) - 732/(-10). Let j = t + -33. What are the prime factors of j?
2, 5
Let f(d) = -2*d**3 + 10*d**2. Let x be f(5). Let c = 62 - 26. Suppose x = -3*o - c + 111. List the prime factors of o.
5
Let a = 974 + -70. List the prime factors of a.
2, 113
Let z be (-2)/(-16) - (-1470)/16. Suppose 4*y + 2*j - 106 = 0, 7*j - z = -3*y + 3*j. What are the prime factors of y?
2, 3
Let r(j) = j**3 + 3*j**2 - 17*j - 23. List the prime factors of r(8).
5, 109
What are the prime factors of (22400/(-60))/(3/(1*-18))?
2, 5, 7
List the prime factors of ((10824/(-18))/4 + 1)*-3.
2, 7
Let g(s) = s**2 + 5*s + 8. Let h be g(-3). List the prime factors of (h + 4/(-8))*(-424)/(-6).
2, 53
Suppose -15 - 3 = -m. Suppose 3*g = 10 + 5. Suppose -q = -v - m, 0 = g*q + v + v - 118. List the prime factors of q.
2, 11
Let x = -53 + 58. Suppose -3*k + 8*k + 24 = r, x*r + k = 16. List the prime factors of r.
2
Let t(z) = -z**3 + 8*z**2 + 5. Let v be t(8). Let b be v*(-1 + 672/20). Suppose b - 39 = 4*p. What are the prime factors of p?
31
Suppose -2*x - 12 = 2*x. Let h be (62/x)/((-14)/(-21)). Let v = -9 - h. What are the prime factors of v?
2, 11
Suppose 2*v - 9 = -t, -4*t + 18 = 5*v - 0*t. List the prime factors of v/(-8) + (-374)/(-8).
2, 23
List the prime factors of (-11164)/(-16) + 30/24.
3, 233
Let k(g) = -6*g + 2. Let h(l) = -6*l + 1. Let p(w) = -4*h(w) + 3*k(w). Let j be p(8). Let i = 71 - j. List the prime factors of i.
3, 7
Let m(z) = -116*z - 206. What are the prime factors of m(-8)?
2, 19
Suppose 35*u + 7337 = 50772. What are the prime factors of u?
17, 73
Suppose 0 = -r + 4*r - 435. Suppose 3*h - r = 29. What are the prime factors of h?
2, 29
Let l(o) = -o + 51. Let g(h) = -13. Let d(b) = 9*g(b) + 2*l(b). Let x be d(-10). Suppose x*k + 0*k = 260. What are the prime factors of k?
2, 13
Suppose 4*x - 20 = -j, -29 = -5*j - 2*x + 17. Suppose 204 = -4*h + j*h. What are the prime factors of h?
3, 17
Suppose 3*y + 13 = k - 9, -k - y = -14. Suppose 0 = -l - 3*l + k. Suppose -i = i + a - 20, 5*i - 47 = -l*a. List the prime factors of i.
11
Let w(t) = 36939*t**2 + 2*t**3 + 0*t**3 - 36941*t**2 - 4*t**3 - 6 + 3*t + 3*t**3. Suppose -3*x - 1 = -13. List the prime factors of w(x).
2, 19
Suppose 5*a + h = 239, -4*a + 7*a - 4*h - 125 = 0. Suppose a = 2*o - 53. What are the prime factors of o?
2, 5
Let z = 6 + -3. Suppose l = -l - 2*w + 52, 0 = -l + z*w + 30. List the prime factors of l.
3
Suppose 256*a + 2502 = 262*a. List the prime factors of a.
3, 139
Let s be (24/15)/4 - (-4015)/25. Suppose -s = -w - r, -4*r = 5*w - 3*r - 797. List the prime factors of w.
3, 53
Suppose 5*k + 15 = 0, -2*w = -2*k + 4*k - 186. List the prime factors of w.
2, 3
Suppose -41413 - 150359 = -126*z. List the prime factors of z.
2, 761
Suppose 0 = l + 40 - 39. List the prime factors of -4 + -2 + 87 + (l - 1).
79
Suppose 0 = -16*g + 4538 - 730. List the prime factors of g.
2, 7, 17
Suppose 7 + 3 = -5*c + 5*g, 5*c - 30 = -5*g. Let k be 77/(-14)*c*-1. Suppose m - k = 4. What are the prime factors of m?
3, 5
Let g = -1301 + 1845. What are the prime factors of g?
2, 17
Suppose 5*r - 1 = 9. Let j be -57 + r + (-4)/(-2). Let y = j - -82. What are the prime factors of y?
29
Suppose -5*a - 1698 = -2*v, -153*a + 152*a = -5*v + 4222. List the prime factors of v.
2, 211
Let l = 5 - 2. Let m be (l/12)/(4/80). Suppose -3*k - 3 = -4*h - 45, m*k = h + 53. List the prime factors of k.
2, 5
Suppose -v - 5*r + 18 = 0, 0*r = 3*v - 4*r + 3. Suppose -4*m = -5*t - v*m + 379, -4*t + 296 = m. List the prime factors of t.
3, 5
Let o(v) = -17*v + 9. Let m be o(3). Let f = -22 - m. What are the prime factors of f?
2, 5
Let b(k) = -8*k + 237. List the prime factors of b(-23).
421
Suppose f = 4*r - 326, -r + 6*r = -2*f + 401. Let p = r - 186. Let v = p - -165. List the prime factors of v.
2, 3, 5
Suppose 2*m - 5*m + 6 = 0. Suppose m*s + 2*y + 107 = 341, -s + 117 = -3*y. What are the prime factors of s?
3, 13
Let f(c) = c**3 - c**2 - 3*c + 15. Let w be f(7). Let h = w + -180. List the prime factors of h.
2, 3
Let b = 14 + -20. Let w be (-27)/b*(-1 + 3). List the prime factors of w/((9/(-6))/(-3)).
2, 3
Let a = -460 + 686. Suppose a + 47 = 7*r. List the prime factors of r.
3, 13
Suppose -5*k - 7 - 18 = 0. Let j(z) = 3 + 4 + 3*z - 4*z + 0. List the prime factors of j(k).
2, 3
Suppose -11*b = -9*b + 14. What are the prime factors of (-13)/(3/35 - (-2)/b)?
5, 13
Let b(a) = a**3 + 17*a**2 + 17*a + 6. Let s be b(-16). Let c = 14 + s. Suppose 4*t - 173 = -c*n + 11, 0 = 3*n - 4*t - 117. What are the prime factors of n?
43
Let m = -120 - 23. Let b be ((-22)/1)/((-22)/m). List the prime factors of 1/(4 + b/36).
2, 3
Suppose 3*c - 23328 = -21*c. List the prime factors of c.
2, 3
Suppose -163*f + 167*f = 5224. What are the prime factors of f?
2, 653
List the prime factors of 15/6 - (-13515)/